{"id":2,"date":"2013-05-26T15:06:43","date_gmt":"2013-05-26T15:06:43","guid":{"rendered":"http:\/\/hees11.de\/?page_id=2"},"modified":"2013-07-11T12:51:37","modified_gmt":"2013-07-11T11:51:37","slug":"sample-page","status":"publish","type":"page","link":"http:\/\/hees11.de\/?page_id=2","title":{"rendered":"Live-Karte"},"content":{"rendered":"<p>Hier seht Ihr die letzte erfasste und \u00fcbermittelte Positionsangabe. Da hierf\u00fcr Tanja&#8217;s Smartphone laufen muss und dar\u00fcber hinaus auch eine Internet-Verbindung (zumindest ab und zu) ben\u00f6tigt wird, ist die Anzeige &#8222;ohne Gew\u00e4hr&#8220; und kein unmittelbarer Anlass zur Sorge, sollte sich die Wanderer mitten in der Nacht noch auf irgend einem Pass befinden &#8230;<\/p>\n<p>Interessant: Mit Klick auf &#8222;DieHeese3&#8220; erh\u00e4lt man alle Informationen zur zur\u00fcckgelegten Strecke. Dort kann man sich jeden Wandertag ganz genau anschauen<\/p>\n<p><script type=\"text\/javascript\" src=\"http:\/\/www.locationof.com\/js\/embed_map\/\"><\/script><br \/>\n<script type=\"text\/javascript\">\/\/ <![CDATA[\nLocationOf.setMap('mymap','DieHeese3',700,600,10,'hybrid',false);\n\/\/ ]]><\/script><br \/>\n<a href=\"http:\/\/www.locationof.com\/\" rel=\"follow,index\">Mobile GPS Tracking powered by LocationOf.com<\/a><\/p>\n","protected":false},"excerpt":{"rendered":"<p>Hier seht Ihr die letzte erfasste und \u00fcbermittelte Positionsangabe. Da hierf\u00fcr Tanja&#8217;s Smartphone laufen muss und dar\u00fcber hinaus auch eine Internet-Verbindung (zumindest ab und zu) ben\u00f6tigt wird, ist die Anzeige &#8222;ohne Gew\u00e4hr&#8220; und kein unmittelbarer Anlass zur Sorge, sollte sich die Wanderer mitten in der Nacht noch auf irgend einem Pass befinden &#8230; Interessant: Mit [&hellip;]<\/p>\n","protected":false},"author":1,"featured_media":0,"parent":0,"menu_order":0,"comment_status":"open","ping_status":"open","template":"","meta":{"footnotes":""},"class_list":["post-2","page","type-page","status-publish","hentry"],"_links":{"self":[{"href":"http:\/\/hees11.de\/index.php?rest_route=\/wp\/v2\/pages\/2","targetHints":{"allow":["GET"]}}],"collection":[{"href":"http:\/\/hees11.de\/index.php?rest_route=\/wp\/v2\/pages"}],"about":[{"href":"http:\/\/hees11.de\/index.php?rest_route=\/wp\/v2\/types\/page"}],"author":[{"embeddable":true,"href":"http:\/\/hees11.de\/index.php?rest_route=\/wp\/v2\/users\/1"}],"replies":[{"embeddable":true,"href":"http:\/\/hees11.de\/index.php?rest_route=%2Fwp%2Fv2%2Fcomments&post=2"}],"version-history":[{"count":6,"href":"http:\/\/hees11.de\/index.php?rest_route=\/wp\/v2\/pages\/2\/revisions"}],"predecessor-version":[{"id":9,"href":"http:\/\/hees11.de\/index.php?rest_route=\/wp\/v2\/pages\/2\/revisions\/9"}],"wp:attachment":[{"href":"http:\/\/hees11.de\/index.php?rest_route=%2Fwp%2Fv2%2Fmedia&parent=2"}],"curies":[{"name":"wp","href":"https:\/\/api.w.org\/{rel}","templated":true}]}}